inder when 36 is divided by q.
6
Suppose 75*i - 715 = 64*i. Suppose c - 3*u = 121, -24*c + 21*c + 4*u + 358 = 0. What is the remainder when c is divided by i?
53
Let n(v) = 3*v + 56. Let q be n(-19). What is the remainder when 62 is divided by (q - (-11)/1)*(-810)/(-324)?
12
Let p be 18/153 + 3360/51 + -4. Suppose -170 = p*f - 67*f. Let i(d) = 5*d**2 + d. What is the remainder when f is divided by i(-2)?
16
Let d = 3553 + -3550. What is the remainder when 429 is divided by d?
0
Suppose -11 = 5*h - j + 4*j, j = -4*h - 6. Let v(m) = -11*m + 56. Let y be v(-5). What is the remainder when 27 is divided by 296/y*h/(2/(-3))?
3
Suppose 0 = 19*p - 3*p - 214 - 522. What is the remainder when 84 is divided by p?
38
Let r = 138 - 77. Suppose 4*i + 1086 = 6*m - 1110, 3*m - 4*i - 1104 = 0. Calculate the remainder when m is divided by r.
59
Suppose -1 = -31*p + 30 - 0. What is the remainder when 3 is divided by p?
0
Let m = 33 - 54. Let n(t) be the second derivative of t**3/6 + 19*t**2 + 459*t. Calculate the remainder when 33 is divided by n(m).
16
Let k = 2 + 10. Let n = 150 + -147. What is the remainder when 36 + 3 + 5 + n is divided by k?
11
Let q(y) = y**2 - 10*y + 2753. Calculate the remainder when q(0) is divided by 13.
10
Suppose 7*q - 711 = 2*q - k, -q - 4*k = -146. Let t = -75 + q. What is the remainder when 534 is divided by t?
65
Suppose 14*s = 5*s + 45. Suppose s*n - a + 19 - 81 = 0, 2*n = 3*a + 17. What is the remainder when 25 is divided by n?
12
Suppose -23*c - 1104 = -15*c. Let h = 152 + c. Suppose 9*o + 41 = 10*o. Calculate the remainder when o is divided by h.
13
Let k(o) = -21*o - 49. Suppose -3*a - 42 = -3*i, 6*a + 54 = 2*a + 5*i. Calculate the remainder when k(a) is divided by 73.
68
Let v(z) = 5*z**2 - 17*z + 53. Let p(f) = 6*f**2 - 15*f + 53. Let m(h) = -6*p(h) + 7*v(h). Calculate the remainder when m(-27) is divided by 11.
8
Suppose -314 = -2*f - 1364. Let c = 743 + f. What is the remainder when c is divided by 17?
14
Let a = 6290 + -4808. What is the remainder when a is divided by 7?
5
Suppose 5*p + 29*p = 2720. Let b be (-1)/(2 - 390/194). Let j = b - p. What is the remainder when 58 is divided by j?
7
Let n(d) = -71*d + 31. Let p be n(10). Let r = p - -249. Calculate the remainder when r/(-60)*(6 - 0) + -1 is divided by 9.
6
Let x be (0 + 4)*(-24)/(-8). Suppose 7*t - x*t = 145. Let u = 82 + t. What is the remainder when u is divided by 19?
15
Suppose -y = -2, -4*w + 5*y + 139 - 533 = 0. Let f(t) = 2*t**2 - 7*t - 10. What is the remainder when f(7) is divided by (0 + -18)*32/w?
3
Let v(t) = t - 1. Let k be v(11). Suppose u = -1 + k. Suppose p - u = 73. Calculate the remainder when p is divided by 17.
14
Suppose 44*i - 935952 = -94*i - 66*i. What is the remainder when i is divided by 17?
15
Let l be -1 + 1 - (35 - 0). Suppose 9*c - 117 = -927. Let j = l - c. Calculate the remainder when j is divided by 20.
15
Suppose -17*u + 12*u + 4*m + 995 = 0, 597 = 3*u - 2*m. What is the remainder when u is divided by 29?
25
Let s be (-2)/12 - 9445/30. Let l = -178 - s. Calculate the remainder when l is divided by 14.
11
Let i(p) = 10*p + 14 - 7*p**2 + 20 + 1 + 9*p - p**3. Calculate the remainder when (-152)/(-3) + 2/(-3) is divided by i(-9).
24
Suppose -16*r + 1668 + 3788 = 0. Let s = r - 224. Calculate the remainder when s is divided by 17.
15
Let d = 76 - -481. Let m = -549 + d. Suppose 0 = -5*v - t + 22, 5*v + 4*t - 6 - 22 = 0. What is the remainder when m is divided by v?
0
Suppose 0 = 2*o + 10*o + 84. Let v(y) = 2*y + 19. Let x be v(o). Suppose -82 = 3*z - x*z. What is the remainder when z is divided by 11?
8
Suppose 10679*j - 17 = 10678*j. Let x(v) = 20*v + 1. Let i be x(-1). Let q = 10 - i. What is the remainder when q is divided by j?
12
Suppose 100 - 400 = -4*l. Let i = -65 + l. Suppose 3*c - i = -z + 117, -3*z + 4*c = -316. What is the remainder when z is divided by 19?
17
Let q(d) = d**2 - 3*d - 5. Suppose 15*h - 73 = 2. Suppose h*o - 86 = 59. What is the remainder when o is divided by q(5)?
4
What is the remainder when 1*(-12)/(-14) + (-2785210)/(-1918) is divided by 364?
361
Let b = -16301 - -17807. What is the remainder when b is divided by 76?
62
Let t(l) = -l**2 + 28*l - 152. Suppose -5*k = 11*g - 13*g - 57, -4*g + 42 = 2*k. What is the remainder when 44 is divided by t(k)?
1
Let m = -38 + 40. Suppose y + 37 = -4*u, y - 29 = 2*u - m*y. What is the remainder when (3 - u/(-4))*98 is divided by 17?
15
Let y = -16 - -29. Suppose 995*g - 251389 = 87272 - 80956. Calculate the remainder when g is divided by y.
12
Let y(g) = 128*g**2 - 6*g - 17. Let i(b) = -64*b**2 + 3*b + 9. Let h(l) = 7*i(l) + 4*y(l). Calculate the remainder when h(-2) is divided by 10.
7
Let g(n) = -n**3 - 22*n**2 - 89*n - 23. Calculate the remainder when 2877 is divided by g(-17).
42
Calculate the remainder when (-1 + 1 + (-8 - -5))*1100/(-6) is divided by 44.
22
Let v(t) = 2*t**2 - 6*t - 3. Let y be v(7). Let k = -40 + y. Let f(h) = -h**3 + 13*h**2 + 4*h - 13. Calculate the remainder when f(k) is divided by 5.
4
Let n(d) = 6*d + 38. Let j be n(0). Let z = 43 - j. Suppose 4*g - 46 = 2*k, -z*g = -k - 2*k - 58. Calculate the remainder when g is divided by 5.
1
What is the remainder when -10 + 8 - ((-282)/(-5))/(28/(-280)) is divided by 44?
34
Suppose -5*u - 340 = -5*c, -23 = -c - 5*u + 69. Suppose 4*f = 7*f - c. Let s(z) = 3*z - 54. Calculate the remainder when s(f) is divided by 7.
4
Let i = -4311 + 4417. Calculate the remainder when 443 is divided by i.
19
Let n = -9 - -27. Let a(v) = -289*v - 2. Let i be a(-1). Let r = i + -146. What is the remainder when r is divided by n?
15
Let b(u) = 2*u - 4. Let n(a) = -a**3 + a**2 + 29*a + 6. Let f be n(6). Let t(d) = -d**2 + 10*d + 63. Calculate the remainder when t(f) is divided by b(6).
7
Let m = -163 + 305. Suppose 3*f = -2*g + 8, f = 3*f - 4*g - 16. Calculate the remainder when m is divided by f.
2
Suppose 78 = 5*z - 2*z. Let s be (-18)/(-2) - (3 - 0). Let t(q) = q**2 + 13*q - 64. What is the remainder when t(s) is divided by z?
24
Let c = -181493 - -181670. Suppose -2*w = -24 - 16. What is the remainder when c is divided by w?
17
Let o(u) = u**2 - 121*u - 258. What is the remainder when o(-23) is divided by 68?
62
Let t = -102 - -173. Let b(o) = -5*o**2 + 8*o - 8. Let a(i) = 2*i**2 - 3*i + 3. Let c(y) = 8*a(y) + 3*b(y). Calculate the remainder when t is divided by c(5).
21
Suppose 2394 = -16*t + 10*t + 132*t. Calculate the remainder when 73 is divided by t.
16
Suppose 15 = 3*p + 3. Suppose 55*u + 5*j + 1322 = 52*u, -3*j = -3*u - 1338. What is the remainder when 30 is divided by p/(-22) - u/22?
10
Suppose -5*j = 11*j - 1200. Let k = 73 - 53. What is the remainder when j is divided by k?
15
Let z(t) = t**2 + 4*t + 5. Let b be z(0). Suppose 82 = 2*p - b*x, -8*p + 118 = -5*p - 5*x. What is the remainder when 96 is divided by p?
24
Suppose -62 = f - 84. Let j be (3 + 0)*(-10)/6. Let h = j + f. What is the remainder when 48 is divided by h?
14
Let t = 11 - 9. Let j = t + 50. Let a = -27 + j. Calculate the remainder when a is divided by 13.
12
Let s = -82 - -89. Suppose 0 = s*n - 11*n + 24. Calculate the remainder when 3/(1/5 - 0) is divided by n.
3
Suppose -162*i = -507*i + 75603 + 63777. Calculate the remainder when i is divided by 9.
8
Let o be ((-2557)/(-6))/(53/318). Suppose -o*n + 196 = -2555*n. Calculate the remainder when n is divided by 47.
4
Suppose -4 = 4*x, -2*x + 21 = z - 8. Let k be (-1)/((-7)/(-49)*14/(-12)). Suppose -5*d = -74 - k. Calculate the remainder when z is divided by d.
15
Suppose -2*m = x - 900, 4*x + 441 = 178*m - 177*m. What is the remainder when m is divided by 113?
110
Suppose 0 = -5*u - 0*u + 35. What is the remainder when -1 + 41 + (51 - -17) is divided by u?
3
Suppose 5*v + 194 = 194. Suppose -2*i + 7 + 1 = v, -3*n + 71 = 2*i. Let q = 36 + -26. Calculate the remainder when n is divided by q.
1
Let i(n) be the second derivative of 0 - 1/6*n**3 + 12*n + 17/2*n**2 + 1/12*n**4. Calculate the remainder when 31 is divided by i(0).
14
Let c(g) = -g**2 - 1 + 23 + 1 + 9. Calculate the remainder when 44 is divided by c(5).
2
Suppose -17*s + 14*s = 15. Calculate the remainder when (135/3 - s)*8/2 is divided by 29.
26
Let v(f) = -f**3 - 15*f**2 + 440*f + 6820. Let j(s) = -3*s**3 - s**2 + 2*s - 1. What